{"id":65537,"date":"2025-12-18T11:31:41","date_gmt":"2025-12-18T10:31:41","guid":{"rendered":"https:\/\/optimiza.laprimera.net\/antes\/?post_type=product&#038;p=65537"},"modified":"2025-12-18T11:32:15","modified_gmt":"2025-12-18T10:32:15","slug":"glycan-sea-booster-30ml-ebers","status":"publish","type":"product","link":"https:\/\/optimiza.laprimera.net\/antes\/product\/glycan-sea-booster-30ml-ebers\/","title":{"rendered":"Glycan Sea Booster 30ml &#8211; Ebers"},"content":{"rendered":"<p>S\u00e9rum compuesto por extractos de aguacate y alga marina que estimulan la s\u00edntesis de proteoglicanos y \u00e1cido hialur\u00f3nico en nuestra piel aumentando su hidrataci\u00f3n y volumen. Booster facial que combina p\u00e9ptidos de Aguacate (Effipulp \u00ae) con az\u00facares de alga Pelvet\u00eda canaliculata (Ambre oceane\u00ae) produciendo una redensificaci\u00f3n de la epidermis por la estimulaci\u00f3n de la s\u00edntesis de \u00c1cido hialur\u00f3nico y proteoglicanos de la piel. Su alto contenido en extractos vegetales puede hacer variar la tonalinadad con el tiempo.<\/p>\n","protected":false},"excerpt":{"rendered":"<p>S\u00e9rum facial que sirve para hidratar y dar volumen a la piel.<\/p>\n","protected":false},"featured_media":65551,"comment_status":"open","ping_status":"closed","template":"","meta":{"_et_pb_use_builder":"","_et_pb_old_content":"","_et_gb_content_width":""},"product_brand":[],"product_cat":[18],"product_tag":[],"class_list":{"0":"post-65537","1":"product","2":"type-product","3":"status-publish","4":"has-post-thumbnail","6":"product_cat-cosmetica","8":"first","9":"instock","10":"shipping-taxable","11":"purchasable","12":"product-type-simple"},"_links":{"self":[{"href":"https:\/\/optimiza.laprimera.net\/antes\/wp-json\/wp\/v2\/product\/65537","targetHints":{"allow":["GET"]}}],"collection":[{"href":"https:\/\/optimiza.laprimera.net\/antes\/wp-json\/wp\/v2\/product"}],"about":[{"href":"https:\/\/optimiza.laprimera.net\/antes\/wp-json\/wp\/v2\/types\/product"}],"replies":[{"embeddable":true,"href":"https:\/\/optimiza.laprimera.net\/antes\/wp-json\/wp\/v2\/comments?post=65537"}],"wp:featuredmedia":[{"embeddable":true,"href":"https:\/\/optimiza.laprimera.net\/antes\/wp-json\/wp\/v2\/media\/65551"}],"wp:attachment":[{"href":"https:\/\/optimiza.laprimera.net\/antes\/wp-json\/wp\/v2\/media?parent=65537"}],"wp:term":[{"taxonomy":"product_brand","embeddable":true,"href":"https:\/\/optimiza.laprimera.net\/antes\/wp-json\/wp\/v2\/product_brand?post=65537"},{"taxonomy":"product_cat","embeddable":true,"href":"https:\/\/optimiza.laprimera.net\/antes\/wp-json\/wp\/v2\/product_cat?post=65537"},{"taxonomy":"product_tag","embeddable":true,"href":"https:\/\/optimiza.laprimera.net\/antes\/wp-json\/wp\/v2\/product_tag?post=65537"}],"curies":[{"name":"wp","href":"https:\/\/api.w.org\/{rel}","templated":true}]}}